{"id":14,"date":"2025-03-09T08:15:12","date_gmt":"2025-03-09T08:15:12","guid":{"rendered":"https:\/\/edcmedialiteracy.com\/?page_id=14"},"modified":"2026-03-17T12:36:55","modified_gmt":"2026-03-17T12:36:55","slug":"project-partners","status":"publish","type":"page","link":"https:\/\/edcmedialiteracy.com\/index.php\/project-partners\/","title":{"rendered":"Project Partners"},"content":{"rendered":"<div class=\"wp-block-image\">\n<figure class=\"aligncenter size-full\"><img loading=\"lazy\" decoding=\"async\" width=\"274\" height=\"191\" src=\"https:\/\/edcmedialiteracy.com\/wp-content\/uploads\/2025\/03\/output-onlinepngtools-1-3.png\" alt=\"\" class=\"wp-image-76\"\/><\/figure>\n<\/div>\n\n\n<h2 class=\"wp-block-heading has-text-align-center\"><strong><a href=\"https:\/\/animator.halogen.org.pl\/\" target=\"_blank\" rel=\"noreferrer noopener\">Stowarzyszenie Animator\u00f3w Wszechstronnego Rozwoju M\u0142odzie\u017cy<\/a><\/strong><\/h2>\n\n\n\n<p>Stowarzyszenie Animator\u00f3w Wszechstronnego Rozwoju M\u0142odzie\u017cy is a non-profit institution, the founder of three schools, namely Og\u00f3lnokszta\u0142c\u0105ca Szko\u0142a Sztuk Pi\u0119knych, Liceum Og\u00f3lnokszta\u0142c\u0105ce and Liceum Sztuk Plastycznych.The Association was established in October 2001 as a first school of this type in Gliwice. It has the authority of a public school.<\/p>\n\n\n\n<p>All together, there are 247 students and 40 teachers in our schools.The school used to be intended for primary, lower secondary and secondary school graduates. In 2019 due to educational reform our school covers 4-years and 5-years study: general education in the core curriculum of the general secondary school and in artistic subjects such as:drawing and painting, sculpture, history of art, basics of photography and film, basics of design &#8211; composition. It gives the possibility of obtaining secondary education with the title of art and the possibility of passing the matura exam.<\/p>\n\n\n<div class=\"wp-block-image\">\n<figure class=\"aligncenter size-full\"><img loading=\"lazy\" decoding=\"async\" width=\"274\" height=\"191\" src=\"https:\/\/edcmedialiteracy.com\/wp-content\/uploads\/2025\/03\/output-onlinepngtools-2.png\" alt=\"\" class=\"wp-image-77\"\/><\/figure>\n<\/div>\n\n\n<h2 class=\"wp-block-heading has-text-align-center\"><a href=\"http:\/\/www.cumhuriyetteml.meb.k12.tr\/\" target=\"_blank\" rel=\"noreferrer noopener\"><strong>Tokat Cumhuriyet Mesleki ve Teknik Anadolu Lisesi<\/strong><\/a><\/h2>\n\n\n\n<p class=\"has-text-align-center\"><\/p>\n\n\n\n<p>Our school is located in a disadvantaged district of Tokat.<\/p>\n\n\n\n<p>For this reason, it offers education to the disadvantaged student group with a low socio-economic and socio-cultural level.<\/p>\n\n\n\n<p>Our school has fields of Chemical Technologies, Information Technologies, Land Registry and Cadastre and has 460 students and 45 personnels.<\/p>\n\n\n\n<p>The general aim of our school is to train qualified intermediate personnel for markets in various sectors.Our school has the authority to operate revolving funds in the fields of chemistry and land registry-cadastre.<\/p>\n\n\n\n<p>The specific goals of our school are to provide students with a certain field expertise, to respond to local, national and international sectoral expectations, to open areas for future employment, to be a pioneer both professionally and academically in the transition from secondary education to higher education, to carry out vocational guidance activities and to work with the school and business world,to develop European consciousness, respect cultures.<\/p>\n\n\n<div class=\"wp-block-image\">\n<figure class=\"aligncenter size-full\"><img loading=\"lazy\" decoding=\"async\" width=\"274\" height=\"191\" src=\"https:\/\/edcmedialiteracy.com\/wp-content\/uploads\/2025\/03\/output-onlinepngtools-4.png\" alt=\"\" class=\"wp-image-78\"\/><\/figure>\n<\/div>\n\n\n<h2 class=\"wp-block-heading has-text-align-center\"><a href=\"http:\/\/www.bahuet.fr\/\" target=\"_blank\" rel=\"noreferrer noopener\"><strong>Organisme de Gestion du lyc\u00e9e Priv\u00e9 Bahuet<\/strong><\/a><\/h2>\n\n\n\n<p><strong>School Presentation:<\/strong><\/p>\n\n\n\n<p> <a href=\"https:\/\/docs.google.com\/presentation\/d\/1SPElYeyg73-EGlR-skxm9fDe7fkEe0ey\/edit?usp=drive_link&amp;ouid=111185032311448439970&amp;rtpof=true&amp;sd=true\">https:\/\/docs.google.com\/presentation\/d\/1SPElYeyg73-EGlR-skxm9fDe7fkEe0ey\/edit?usp=drive_link&amp;ouid=111185032311448439970&amp;rtpof=true&amp;sd=true<\/a><\/p>\n\n\n\n<p>The Lyc\u00e9e Bahuet is a Catholic High School under contract with the State. It is located in Brive la Gaillarde (Corr\u00e8ze). It welcomes 580 students from the surrounding areas and 80 teachers. As for the non-teaching staff, they make a total of 20 operational assistants. It&#8217;s a vocational and technological high school and has a higher education department. It proposes different studies in health, management, social, tourism, finance, IT-Digital media. The school is specialized in foreign languages learning (English, Spanish, German). Students improve their language skills (Bulats, BEC, Cervantes, TOEIC), enjoy school trips included Erasmus + project or benefit from internships abroad to have the chance to get into the international sphere.<\/p>\n\n\n<div class=\"wp-block-image\">\n<figure class=\"aligncenter size-full\"><img loading=\"lazy\" decoding=\"async\" width=\"274\" height=\"191\" src=\"https:\/\/edcmedialiteracy.com\/wp-content\/uploads\/2025\/03\/output-onlinepngtools-3.png\" alt=\"\" class=\"wp-image-79\"\/><\/figure>\n<\/div>\n\n\n<h2 class=\"wp-block-heading has-text-align-center\"><a href=\"http:\/\/www.jurisich-koszeg.sulinet.hu\/\" target=\"_blank\" rel=\"noreferrer noopener\"><strong>Jurisich Mikl\u00f3s Gimn\u00e1zium \u00e9s Koll\u00e9gium<\/strong><\/a>&nbsp;<\/h2>\n\n\n\n<p><strong>School Presentation:<\/strong> <\/p>\n\n\n\n<p><a href=\"https:\/\/docs.google.com\/presentation\/d\/1MvfrVBgS5mKPjs-UA2TppCDO60oDTdBX\/edit?usp=drive_link&amp;ouid=111185032311448439970&amp;rtpof=true&amp;sd=true\">https:\/\/docs.google.com\/presentation\/d\/1MvfrVBgS5mKPjs-UA2TppCDO60oDTdBX\/edit?usp=drive_link&amp;ouid=111185032311448439970&amp;rtpof=true&amp;sd=true<\/a><\/p>\n\n\n\n<p>Jurisich Mikl\u00f3s Gimn\u00e1zium with its 342 years old history is one of the oldest,well-known secondary schools in Hungary.It has 416 students and 44 teachers. Our profile has always changed as the needs of students changed as well.As a result of the competition among schools for new students, we are encouraged to renew again and again.The school has several special programmes: the most popular one is the Hungarian-English bilingual education, where a couple of subjects\u2013maths, chemistry, physics, geography and civilization of the English-speaking world &#8211; are taught in English. We have advanced groups in chemistry, biology and foreign language education. Our institution is part of a program,which aims to provide opportunities for disadvantaged but talented students.It is called Arany J\u00e1nos Program for Developing Talents of Socially Disadvantaged Students. These programs make our school an attractive choice and so far we have been successful to attract enough pupils to start each school year.<\/p>\n\n\n\n<p><em style=\"color:red;\">Funded by the European Union. Views and opinions expressed are however those of the author(s) only and do not necessarily reflect those of the European Union or the European Education and Culture Executive Agency (EACEA). Neither the European Union nor EACEA can be held responsible for them.<\/em><\/p>\n\n\n\n<div class=\"wp-block-columns is-layout-flex wp-container-core-columns-is-layout-9d6595d7 wp-block-columns-is-layout-flex\">\n<div class=\"wp-block-column is-layout-flow wp-block-column-is-layout-flow\">\n<figure class=\"wp-block-image size-full\"><img loading=\"lazy\" decoding=\"async\" width=\"1280\" height=\"221\" src=\"https:\/\/edcmedialiteracy.com\/wp-content\/uploads\/2025\/03\/erasmuslogo-2.jpg\" alt=\"\" class=\"wp-image-55\" srcset=\"https:\/\/edcmedialiteracy.com\/wp-content\/uploads\/2025\/03\/erasmuslogo-2.jpg 1280w, https:\/\/edcmedialiteracy.com\/wp-content\/uploads\/2025\/03\/erasmuslogo-2-300x52.jpg 300w, https:\/\/edcmedialiteracy.com\/wp-content\/uploads\/2025\/03\/erasmuslogo-2-1024x177.jpg 1024w, https:\/\/edcmedialiteracy.com\/wp-content\/uploads\/2025\/03\/erasmuslogo-2-768x133.jpg 768w, https:\/\/edcmedialiteracy.com\/wp-content\/uploads\/2025\/03\/erasmuslogo-2-1140x197.jpg 1140w\" sizes=\"auto, (max-width: 1280px) 100vw, 1280px\" \/><\/figure>\n<\/div>\n\n\n\n<div class=\"wp-block-column is-layout-flow wp-block-column-is-layout-flow\">\n<figure class=\"wp-block-image size-full is-resized\"><img loading=\"lazy\" decoding=\"async\" width=\"403\" height=\"141\" src=\"https:\/\/edcmedialiteracy.com\/wp-content\/uploads\/2025\/03\/cclogo-2.png\" alt=\"\" class=\"wp-image-56\" style=\"width:137px;height:auto\" srcset=\"https:\/\/edcmedialiteracy.com\/wp-content\/uploads\/2025\/03\/cclogo-2.png 403w, https:\/\/edcmedialiteracy.com\/wp-content\/uploads\/2025\/03\/cclogo-2-300x105.png 300w\" sizes=\"auto, (max-width: 403px) 100vw, 403px\" \/><\/figure>\n<\/div>\n\n\n\n<div class=\"wp-block-column is-layout-flow wp-block-column-is-layout-flow\">\n<figure class=\"wp-block-image size-full is-resized\"><a href=\"https:\/\/animator.halogen.org.pl\/\"><img loading=\"lazy\" decoding=\"async\" width=\"225\" height=\"167\" src=\"https:\/\/edcmedialiteracy.com\/wp-content\/uploads\/2025\/03\/animatorow-2.png\" alt=\"\" class=\"wp-image-54\" style=\"width:67px;height:auto\"\/><\/a><\/figure>\n<\/div>\n<\/div>\n\n\n\n<p><\/p>\n","protected":false},"excerpt":{"rendered":"<p>Stowarzyszenie Animator\u00f3w Wszechstronnego Rozwoju M\u0142odzie\u017cy Stowarzyszenie Animator\u00f3w Wszechstronnego Rozwoju M\u0142odzie\u017cy is a non-profit institution, the founder of three schools, namely Og\u00f3lnokszta\u0142c\u0105ca Szko\u0142a Sztuk Pi\u0119knych, Liceum Og\u00f3lnokszta\u0142c\u0105ce and Liceum Sztuk Plastycznych.The Association was established in October 2001 as a first school of this type in Gliwice. It has the authority of a public school. All together, there are 247 students and 40 teachers in our schools.The school used to be intended for primary, lower secondary and secondary school graduates. In 2019 due to educational reform our school covers 4-years and 5-years study: general education in the core curriculum of the general secondary school and in artistic subjects such as:drawing and painting, sculpture, history of art, basics of photography and film, basics of design &#8211; composition. It gives the possibility of obtaining secondary education with the title of art and the possibility of passing the matura exam. Tokat Cumhuriyet Mesleki ve Teknik Anadolu Lisesi Our school is located in a disadvantaged district of Tokat. For this reason, it offers education to the disadvantaged student group with a low socio-economic and socio-cultural level. Our school has fields of Chemical Technologies, Information Technologies, Land Registry and Cadastre and has 460 students and 45 personnels. The general aim of our school is to train qualified intermediate personnel for markets in various sectors.Our school has the authority to operate revolving funds in the fields of chemistry and land registry-cadastre. The specific goals of our school are to provide students with a certain field expertise, to respond to local, national and international sectoral expectations, to open areas for future employment, to be a pioneer both professionally and academically in the transition from secondary education to higher education, to carry out vocational guidance activities and to work with the school and business world,to develop European consciousness, respect cultures. Organisme de Gestion du lyc\u00e9e Priv\u00e9 Bahuet School Presentation: https:\/\/docs.google.com\/presentation\/d\/1SPElYeyg73-EGlR-skxm9fDe7fkEe0ey\/edit?usp=drive_link&amp;ouid=111185032311448439970&amp;rtpof=true&amp;sd=true The Lyc\u00e9e Bahuet is a Catholic High School under contract with the State. It is located in Brive la Gaillarde (Corr\u00e8ze). It welcomes 580 students from the surrounding areas and 80 teachers. As for the non-teaching staff, they make a total of 20 operational assistants. It&#8217;s a vocational and technological high school and has a higher education department. It proposes different studies in health, management, social, tourism, finance, IT-Digital media. The school is specialized in foreign languages learning (English, Spanish, German). Students improve their language skills (Bulats, BEC, Cervantes, TOEIC), enjoy school trips included Erasmus + project or benefit from internships abroad to have the chance to get into the international sphere. Jurisich Mikl\u00f3s Gimn\u00e1zium \u00e9s Koll\u00e9gium&nbsp; School Presentation: https:\/\/docs.google.com\/presentation\/d\/1MvfrVBgS5mKPjs-UA2TppCDO60oDTdBX\/edit?usp=drive_link&amp;ouid=111185032311448439970&amp;rtpof=true&amp;sd=true Jurisich Mikl\u00f3s Gimn\u00e1zium with its 342 years old history is one of the oldest,well-known secondary schools in Hungary.It has 416 students and 44 teachers. Our profile has always changed as the needs of students changed as well.As a result of the competition among schools for new students, we are encouraged to renew again and again.The school has several special programmes: the most popular one is the Hungarian-English bilingual education, where a couple of subjects\u2013maths, chemistry, physics, geography and civilization of the English-speaking world &#8211; are taught in English. We have advanced groups in chemistry, biology and foreign language education. Our institution is part of a program,which aims to provide opportunities for disadvantaged but talented students.It is called Arany J\u00e1nos Program for Developing Talents of Socially Disadvantaged Students. These programs make our school an attractive choice and so far we have been successful to attract enough pupils to start each school year. Funded by the European Union. Views and opinions expressed are however those of the author(s) only and do not necessarily reflect those of the European Union or the European Education and Culture Executive Agency (EACEA). Neither the European Union nor EACEA can be held responsible for them.<\/p>\n","protected":false},"author":1,"featured_media":0,"parent":0,"menu_order":0,"comment_status":"closed","ping_status":"closed","template":"","meta":{"footnotes":""},"class_list":["post-14","page","type-page","status-publish","hentry"],"_links":{"self":[{"href":"https:\/\/edcmedialiteracy.com\/index.php\/wp-json\/wp\/v2\/pages\/14","targetHints":{"allow":["GET"]}}],"collection":[{"href":"https:\/\/edcmedialiteracy.com\/index.php\/wp-json\/wp\/v2\/pages"}],"about":[{"href":"https:\/\/edcmedialiteracy.com\/index.php\/wp-json\/wp\/v2\/types\/page"}],"author":[{"embeddable":true,"href":"https:\/\/edcmedialiteracy.com\/index.php\/wp-json\/wp\/v2\/users\/1"}],"replies":[{"embeddable":true,"href":"https:\/\/edcmedialiteracy.com\/index.php\/wp-json\/wp\/v2\/comments?post=14"}],"version-history":[{"count":7,"href":"https:\/\/edcmedialiteracy.com\/index.php\/wp-json\/wp\/v2\/pages\/14\/revisions"}],"predecessor-version":[{"id":633,"href":"https:\/\/edcmedialiteracy.com\/index.php\/wp-json\/wp\/v2\/pages\/14\/revisions\/633"}],"wp:attachment":[{"href":"https:\/\/edcmedialiteracy.com\/index.php\/wp-json\/wp\/v2\/media?parent=14"}],"curies":[{"name":"wp","href":"https:\/\/api.w.org\/{rel}","templated":true}]}}